{"id":25,"date":"2020-10-30T19:33:25","date_gmt":"2020-10-30T18:33:25","guid":{"rendered":"http:\/\/najla.hr\/?page_id=25"},"modified":"2020-12-04T22:08:03","modified_gmt":"2020-12-04T21:08:03","slug":"bachove-kapi","status":"publish","type":"page","link":"http:\/\/najla.hr\/index.php\/holisticke-metode\/bachove-kapi\/","title":{"rendered":"Bachove kapi"},"content":{"rendered":"<div class=\"flex_column av_two_third  flex_column_div av-zero-column-padding first  avia-builder-el-0  el_before_av_one_third  avia-builder-el-first  \" style='border-radius:0px; '><section class=\"av_textblock_section \"  itemscope=\"itemscope\" itemtype=\"https:\/\/schema.org\/CreativeWork\" ><div class='avia_textblock  '   itemprop=\"text\" ><h1><\/h1>\n<h1 style=\"text-align: left;\">BACHOVE KAPI<\/h1>\n<p style=\"text-align: justify;\">\u201eO\u010digledno, prvi je na\u010din da se sprije\u010di \u0161irenje i ja\u010danje bolesti da prestanemo raditi one stvari koje ja\u010daju njezinu mo\u0107. Drugi je na\u010din da izbri\u0161emo mane iz na\u0161eg karaktera koje bi omogu\u0107ile njeno daljnje napadanje. To postignu\u0107e je prava pobjeda, a kada oslobodimo sebe, slobodni smo pomo\u0107i drugima. To nije toliko te\u0161ko koliko nam se u po\u010detku \u010dini. Od nas se o\u010dekuje da damo sve od sebe, a mi znamo da je to mogu\u0107e za sve nas, ako slu\u0161amo \u0161to nam nala\u017ee na\u0161a vlastita Du\u0161a. \u017divot od nas ne zahtijeva nezamislivu \u017ertvu. On tra\u017ei da prelazimo taj put s rado\u0161\u0107u u na\u0161em srcu i da budemo blagoslov onima oko nas, tako da, ako napustimo ovaj svijet samo mrvicu boljim zbog na\u0161eg boravka u njemu, tada smo ispunili svoju zada\u0107u.\u201c<\/p>\n<\/div><\/section><\/div><div class=\"flex_column av_one_third  flex_column_div av-zero-column-padding   avia-builder-el-2  el_after_av_two_third  el_before_av_textblock  \" style='border-radius:0px; '><div  class='avia-image-container  av-styling-circle    avia-builder-el-3  avia-builder-el-no-sibling  avia-align-center '  itemprop=\"image\" itemscope=\"itemscope\" itemtype=\"https:\/\/schema.org\/ImageObject\"  ><div class='avia-image-container-inner'><div class='avia-image-overlay-wrap'><img class='wp-image-62 avia-img-lazy-loading-not-62 avia_image' src=\"http:\/\/najla.hr\/wp-content\/uploads\/2020\/11\/Bachove-kapi.jpg\" alt='' title='Bachove kapi' height=\"167\" width=\"250\"  itemprop=\"thumbnailUrl\"  \/><\/div><\/div><\/div><\/div><section class=\"av_textblock_section \"  itemscope=\"itemscope\" itemtype=\"https:\/\/schema.org\/CreativeWork\" ><div class='avia_textblock  '   itemprop=\"text\" ><h1><\/h1>\n<p style=\"text-align: justify;\">\n\u201eZa one koji su bolesni, smiren um i uskla\u0111enost s Du\u0161om predstavlja najve\u0107u pomo\u0107 u oporavku. U budu\u0107nosti \u0107e medicina i njega bolesnika obratiti mnogo vi\u0161e pa\u017enje razvoju toga kod svakog pacijenta, nego \u0161to mi danas radimo. Danas kada smo sposobni procijeniti napredak u pojedinom slu\u010daju isklju\u010divo materijalisti\u010dkim znanstvenim metodama, razmi\u0161ljamo samo o \u010destom mjerenju temperature i brojnim drugim postupcima, koji vi\u0161e ometaju nego poma\u017eu da se tijelo i um odmore u miru i relaksiraju, \u0161to je klju\u010dno za oporavak. Nema sumnje da, kada bismo kod prvih znakova neke manje ozbiljne bolesti, mogli izdvojiti nekoliko sati potpune relaksacije kako bismo bili uskla\u0111eni s na\u0161im Vi\u0161im Ja, bolest bi nestala.U takvim trenucima trebamo dovesti k sebi djeli\u0107 te mirno\u0107e, kao \u0161to je simbolizirano dolaskom Krista na brod tijekom oluje na Galilejskom jezeru, kada je naredio oluji:<br \/>\n\u201eMiruj, budi mirna.\u201c<\/p>\n<p style=\"text-align: justify;\">\n\u201eMe\u0111u lijekovima koji budu kori\u0161teni bit \u0107e oni koji su dobiveni iz najljep\u0161ih biljaka i trava koje postoje u ljekarni Prirode koje su bo\u017eanstveno oboga\u0107ene ljekovitim svojstvima potrebnim za um i tijelo \u010dovjeka.\u201c<\/p>\n<p style=\"text-align: justify;\">\n(porijeko navoda: Kompletni radovi dr. Edwarda Bacha, iz knjige Izlije\u010di sebe koju je pripremila i uredila dr. sc. Ana \u0160afran, BFRP )<\/p>\n<p style=\"text-align: justify;\">\nDoktor Edward Bach ro\u0111en je 24. rujna 1886.g. u mjestu Moseley nedaleko od Birminghama. Studij medicine po\u010deo je na Birmingham University a kasnije Universitiy College Hospital u Londonu gdje je i 1912. g. stekao diplomu dr.med. Prvo je radio kao kirurg a kasnije kao bakteriolog i patolog te je u svom laboratoriju provodio razna istra\u017eivanja o cjepivima. Godine 1919. prelazi u London Homeopatic Hospital, gdje po\u010dima prou\u010davati homeopatiju. U toj je homeopatskoj bolnici radio na pronalasku homeopatskih cjepiva, nozoda. Prona\u0161ao je sedam homeopatskih nozoda koje su i danas u primjeni i predstavljaju prete\u010du dana\u0161njih cjepiva. Godine 1928. otkriva novi sustav lije\u010denja pomo\u0107u cvjetnih esencija i te je godine otkrio svoje prve biljke Impatiens, Mimulus i Clematis. Godine 1930. napu\u0161ta London i svoj posao lije\u010dnika. Kre\u0107e u prirodu i potpuno se posve\u0107uje radu na sustavu lije\u010denja cvjetnim esencijama. Naseljava posijed Mount Vernon u mjestu Brightwell-cum-Sotwell. Svoj sustav lije\u010denja zaklju\u010duje sa 38 cvjetnih esencija. Prije svoje smrti 1936. g. objavljuje svoje najzna\u010danije dijelo Dvanaest iscjelitelja i ostale cvjetne esencije u kojem opisuje 38 cvjetnih esencija i njihov na\u010din pripreme, metodu izlaganja suncu i metodu prokuhavanja. Svoj je rad prenio na asistente Noru Weeks i Viktora Bullena. Oni su osnovali Bachov centar na posijedu Mount Vernon koji nastavlja \u0161iriti i podu\u010davati Bachovu metodu lije\u010denja cvjetnim esencijama.<\/p>\n<p style=\"text-align: justify;\">Doktor Edward Bach je razvio metodu dijagnosticiranja koja se zasniva na negativnim stanjima Du\u0161e a ne na fizi\u010dkim simptomima. Bach koristi 38 cvjetnih esencija \u201euzvi\u0161enog reda\u201c koje sadr\u017ee odre\u0111enu osobinu du\u0161e koja je u skladu sa odre\u0111enom ljudskom osobinom, Vrlinom. Svaka ta osobina ima odre\u0111enu frekvenciju ljudskog energetskog polja. Energetsko polje u okviru odre\u0111ene osobine ili energetskog potencijala se poremeti kada do\u0111e do konflikta izme\u0111u namjere Du\u0161e i Li\u010dnosti. Takvo stanje se naziva negativnim stanjem Du\u0161e. Cvjetne esencije koje su u harmoniji tj. imaju istu frekvenciju kao i Du\u0161a koja je u disharmoniji uspostavljaju kontakt s njom i svojom frekvencijom Du\u0161i vra\u0107aju harmoniju. Tada Du\u0161a ponovno mo\u017ee kontaktirati s Li\u010dno\u0161\u0107u. Li\u010dnost, koja je zarobljena u zbrci i restrikcijama koje su isuvi\u0161e ljudske, optere\u010dene pro\u0161lo\u0161\u0107u, navikama, duhovnim one\u010di\u0161\u0107enjima tehnologije, nametnutim uvjerenjima, ponovno nalazi svoj put do Vrline ili osobine Du\u0161e koja donosi harmoniju i daje smisao na\u0161em postojanju na ovoj planeti.<\/p>\n<\/div><\/section><\/p>\n","protected":false},"excerpt":{"rendered":"","protected":false},"author":1,"featured_media":0,"parent":21,"menu_order":2,"comment_status":"closed","ping_status":"closed","template":"","meta":[],"_links":{"self":[{"href":"http:\/\/najla.hr\/index.php\/wp-json\/wp\/v2\/pages\/25"}],"collection":[{"href":"http:\/\/najla.hr\/index.php\/wp-json\/wp\/v2\/pages"}],"about":[{"href":"http:\/\/najla.hr\/index.php\/wp-json\/wp\/v2\/types\/page"}],"author":[{"embeddable":true,"href":"http:\/\/najla.hr\/index.php\/wp-json\/wp\/v2\/users\/1"}],"replies":[{"embeddable":true,"href":"http:\/\/najla.hr\/index.php\/wp-json\/wp\/v2\/comments?post=25"}],"version-history":[{"count":3,"href":"http:\/\/najla.hr\/index.php\/wp-json\/wp\/v2\/pages\/25\/revisions"}],"predecessor-version":[{"id":63,"href":"http:\/\/najla.hr\/index.php\/wp-json\/wp\/v2\/pages\/25\/revisions\/63"}],"up":[{"embeddable":true,"href":"http:\/\/najla.hr\/index.php\/wp-json\/wp\/v2\/pages\/21"}],"wp:attachment":[{"href":"http:\/\/najla.hr\/index.php\/wp-json\/wp\/v2\/media?parent=25"}],"curies":[{"name":"wp","href":"https:\/\/api.w.org\/{rel}","templated":true}]}}

<div class="flex_column av_two_third  flex_column_div av-zero-column-padding first  avia-builder-el-0  el_before_av_one_third  avia-builder-el-first  " style='border-radius:0px; '><section class="av_textblock_section "  itemscope="itemscope" itemtype="https://schema.org/CreativeWork" ><div class='avia_textblock  '   itemprop="text" ><h1></h1>
<h1 style="text-align: left;">BACHOVE KAPI</h1>
<p style="text-align: justify;">„Očigledno, prvi je način da se spriječi širenje i jačanje bolesti da prestanemo raditi one stvari koje jačaju njezinu moć. Drugi je način da izbrišemo mane iz našeg karaktera koje bi omogućile njeno daljnje napadanje. To postignuće je prava pobjeda, a kada oslobodimo sebe, slobodni smo pomoći drugima. To nije toliko teško koliko nam se u početku čini. Od nas se očekuje da damo sve od sebe, a mi znamo da je to moguće za sve nas, ako slušamo što nam nalaže naša vlastita Duša. Život od nas ne zahtijeva nezamislivu žrtvu. On traži da prelazimo taj put s radošću u našem srcu i da budemo blagoslov onima oko nas, tako da, ako napustimo ovaj svijet samo mrvicu boljim zbog našeg boravka u njemu, tada smo ispunili svoju zadaću.“</p>
</div></section></div><div class="flex_column av_one_third  flex_column_div av-zero-column-padding   avia-builder-el-2  el_after_av_two_third  el_before_av_textblock  " style='border-radius:0px; '><div  class='avia-image-container  av-styling-circle    avia-builder-el-3  avia-builder-el-no-sibling  avia-align-center '  itemprop="image" itemscope="itemscope" itemtype="https://schema.org/ImageObject"  ><div class='avia-image-container-inner'><div class='avia-image-overlay-wrap'><img class='wp-image-62 avia-img-lazy-loading-not-62 avia_image' src="http://najla.hr/wp-content/uploads/2020/11/Bachove-kapi.jpg" alt='' title='Bachove kapi' height="167" width="250"  itemprop="thumbnailUrl"  /></div></div></div></div><section class="av_textblock_section "  itemscope="itemscope" itemtype="https://schema.org/CreativeWork" ><div class='avia_textblock  '   itemprop="text" ><h1></h1>
<p style="text-align: justify;">
„Za one koji su bolesni, smiren um i usklađenost s Dušom predstavlja najveću pomoć u oporavku. U budućnosti će medicina i njega bolesnika obratiti mnogo više pažnje razvoju toga kod svakog pacijenta, nego što mi danas radimo. Danas kada smo sposobni procijeniti napredak u pojedinom slučaju isključivo materijalističkim znanstvenim metodama, razmišljamo samo o čestom mjerenju temperature i brojnim drugim postupcima, koji više ometaju nego pomažu da se tijelo i um odmore u miru i relaksiraju, što je ključno za oporavak. Nema sumnje da, kada bismo kod prvih znakova neke manje ozbiljne bolesti, mogli izdvojiti nekoliko sati potpune relaksacije kako bismo bili usklađeni s našim Višim Ja, bolest bi nestala.U takvim trenucima trebamo dovesti k sebi djelić te mirnoće, kao što je simbolizirano dolaskom Krista na brod tijekom oluje na Galilejskom jezeru, kada je naredio oluji:<br />
„Miruj, budi mirna.“</p>
<p style="text-align: justify;">
„Među lijekovima koji budu korišteni bit će oni koji su dobiveni iz najljepših biljaka i trava koje postoje u ljekarni Prirode koje su božanstveno obogaćene ljekovitim svojstvima potrebnim za um i tijelo čovjeka.“</p>
<p style="text-align: justify;">
(porijeko navoda: Kompletni radovi dr. Edwarda Bacha, iz knjige Izliječi sebe koju je pripremila i uredila dr. sc. Ana Šafran, BFRP )</p>
<p style="text-align: justify;">
Doktor Edward Bach rođen je 24. rujna 1886.g. u mjestu Moseley nedaleko od Birminghama. Studij medicine počeo je na Birmingham University a kasnije Universitiy College Hospital u Londonu gdje je i 1912. g. stekao diplomu dr.med. Prvo je radio kao kirurg a kasnije kao bakteriolog i patolog te je u svom laboratoriju provodio razna istraživanja o cjepivima. Godine 1919. prelazi u London Homeopatic Hospital, gdje počima proučavati homeopatiju. U toj je homeopatskoj bolnici radio na pronalasku homeopatskih cjepiva, nozoda. Pronašao je sedam homeopatskih nozoda koje su i danas u primjeni i predstavljaju preteču današnjih cjepiva. Godine 1928. otkriva novi sustav liječenja pomoću cvjetnih esencija i te je godine otkrio svoje prve biljke Impatiens, Mimulus i Clematis. Godine 1930. napušta London i svoj posao liječnika. Kreće u prirodu i potpuno se posvećuje radu na sustavu liječenja cvjetnim esencijama. Naseljava posijed Mount Vernon u mjestu Brightwell-cum-Sotwell. Svoj sustav liječenja zaključuje sa 38 cvjetnih esencija. Prije svoje smrti 1936. g. objavljuje svoje najznačanije dijelo Dvanaest iscjelitelja i ostale cvjetne esencije u kojem opisuje 38 cvjetnih esencija i njihov način pripreme, metodu izlaganja suncu i metodu prokuhavanja. Svoj je rad prenio na asistente Noru Weeks i Viktora Bullena. Oni su osnovali Bachov centar na posijedu Mount Vernon koji nastavlja širiti i podučavati Bachovu metodu liječenja cvjetnim esencijama.</p>
<p style="text-align: justify;">Doktor Edward Bach je razvio metodu dijagnosticiranja koja se zasniva na negativnim stanjima Duše a ne na fizičkim simptomima. Bach koristi 38 cvjetnih esencija „uzvišenog reda“ koje sadrže određenu osobinu duše koja je u skladu sa određenom ljudskom osobinom, Vrlinom. Svaka ta osobina ima određenu frekvenciju ljudskog energetskog polja. Energetsko polje u okviru određene osobine ili energetskog potencijala se poremeti kada dođe do konflikta između namjere Duše i Ličnosti. Takvo stanje se naziva negativnim stanjem Duše. Cvjetne esencije koje su u harmoniji tj. imaju istu frekvenciju kao i Duša koja je u disharmoniji uspostavljaju kontakt s njom i svojom frekvencijom Duši vraćaju harmoniju. Tada Duša ponovno može kontaktirati s Ličnošću. Ličnost, koja je zarobljena u zbrci i restrikcijama koje su isuviše ljudske, opterečene prošlošću, navikama, duhovnim onečišćenjima tehnologije, nametnutim uvjerenjima, ponovno nalazi svoj put do Vrline ili osobine Duše koja donosi harmoniju i daje smisao našem postojanju na ovoj planeti.</p>
</div></section></p>
